List the prime factors of u.
3
Let y = -168 + 729. List the prime factors of y.
3, 11, 17
Let a(q) = q**3 - 4*q**2 + 7*q + 7 + 3*q - q - 18*q + 6*q. Let x be (-30)/4*(-4)/5. List the prime factors of a(x).
61
Let g(l) = 19*l - 20. Let a be g(9). Suppose a = 4*b - 3*u, -6*b + 188 = -b - 3*u. List the prime factors of b.
37
Let n be (102/(-18) - 1)*(-96)/(-5). Suppose -i + 0*i - 4 = 0. What are the prime factors of n/i + 0 + -2?
2, 3, 5
Let s be 2 + -1 - (-45)/(-15). Let n be 4 + 0 + 3 + s. Suppose -b + 27 + 60 = 3*q, -n*q + 155 = 5*b. List the prime factors of q.
2, 7
What are the prime factors of 46/4*(70 + 8)?
3, 13, 23
Suppose 0 = 4*p - 4563 + 895. What are the prime factors of p?
7, 131
Suppose 12 = -4*y + 4*f, 24 + 6 = 5*y + 4*f. Let z be 4/(2 + y)*-32. Let t = z + 60. What are the prime factors of t?
2, 7
Suppose 3 = -l, h = 2*l + 54 + 128. Let x be -2 + -2 + h/8. Let s = x + 34. List the prime factors of s.
2, 13
Let i be 0/4 + (95 - -1). Let j = i + -17. List the prime factors of j.
79
Let r = 967 + 372. List the prime factors of r.
13, 103
List the prime factors of 9/(-6)*(-8 + -1316 - -2).
3, 661
Suppose 3*m = -2*r + 1630, 0 = -4*r + m + m + 3276. Let p = r + -521. List the prime factors of p.
3, 11
Let p(f) = 2*f - 19. Let q be p(11). Let v = 60 + -36. Suppose q*w + w = v. List the prime factors of w.
2, 3
Let r = 1072 + -503. List the prime factors of r.
569
Let s be 600 + -1 + (8 - 7). Suppose 12*l - 7*l = s. List the prime factors of l.
2, 3, 5
What are the prime factors of -15*(3*-1 + -19 + -1)?
3, 5, 23
Let w = -153 + 313. What are the prime factors of w?
2, 5
Let u = 805 + 196. List the prime factors of u.
7, 11, 13
Suppose 8*w = 10*w - 6664. Suppose 15*g - w = g. List the prime factors of g.
2, 7, 17
Let j be 1649/34*(1 + -3). Let s = 178 + j. List the prime factors of s.
3
Let w(a) = a**3 - 9*a**2 + 9*a + 9. Let p be w(8). Suppose 0*z + 6 = -3*i + 5*z, 4*i + 16 = 4*z. Let r = p + i. List the prime factors of r.
2, 5
Suppose -2*w + 425 - 417 = 0. Let k(b) = 4*b**2 - b - 7. Let t be k(7). Suppose -w*f = -2*c - 324, f - 3*f = 4*c - t. List the prime factors of f.
83
What are the prime factors of (-32)/5*(-3060)/17?
2, 3
Let l(o) = 2*o**3 - 6*o**2 + 3*o. Let g be l(3). Let p(a) = a**2 + 7*a + 6. List the prime factors of p(g).
2, 3, 5
Let z be 9 + -11 + -10 + -1. Let y = 24 + z. Let s(a) = a**3 - 10*a**2 - 9*a + 15. What are the prime factors of s(y)?
37
Let c = 6 - 5. Let v be (17 - 18)*-107*c. Let w = 160 - v. What are the prime factors of w?
53
Let c(l) = l**3 + 23*l**2 - 23*l + 19. Let g be c(-24). Let f(i) = 18*i**3. Let t be f(-1). List the prime factors of (g/3)/(6/t).
5
Let m = 40 - 44. List the prime factors of -2 - (m - 0 - 31).
3, 11
Let k be 16/(-10)*(1 + 822/(-12)). Suppose 103*l + 660 = k*l. What are the prime factors of l?
2, 3, 11
List the prime factors of 3*(-1 - 0) + (1236 - -29).
2, 631
Suppose -8*a + 12 = -4*a. Suppose m + 4*g = a*m - 64, -m + 3*g = -34. Suppose -2*r + m = 4*i - 6, 4*r = 2*i + 48. What are the prime factors of r?
13
Let m(w) = -w**3 + w**2 - w + 176. Let q be m(0). Suppose 0 = -2*h - 0*j - 2*j + q, 5 = -j. List the prime factors of h.
3, 31
What are the prime factors of 10/(-45) + (-148733)/(-117)?
31, 41
Let r = -934 + 1901. What are the prime factors of r?
967
Let p(n) = 1448*n**2 - 20*n + 19. What are the prime factors of p(1)?
1447
Let r = 57 - 50. What are the prime factors of r*(-3 - 9*-2)?
3, 5, 7
Let z be (-1)/6 + (-170)/60. List the prime factors of (-37)/3*z - 1.
2, 3
Let x be (-1622)/(-4) - (-57)/38. Let d = -120 + x. What are the prime factors of d?
7, 41
Let t(g) = 9*g**2 + 2*g**2 - 13 + 4*g - 26 - 10*g**2. List the prime factors of t(-10).
3, 7
What are the prime factors of (-9)/12 - (-42738)/24?
2, 5, 89
Suppose -i - 5*h + 30 = 0, -2*i + 0*i + h + 38 = 0. Suppose -k + 17 = -i. List the prime factors of k.
37
Suppose 3*x - 11*x = -472. List the prime factors of x.
59
Suppose -5*s = -5*x + 2729 + 13576, -4*x + 13071 = 5*s. List the prime factors of x.
2, 3, 17
Let k = 510 - 166. What are the prime factors of k?
2, 43
Let i(g) = 44*g**2 + g - 1. Let k be ((-88)/(-55))/(2/15). Let b = k - 11. What are the prime factors of i(b)?
2, 11
Let i be 12/(-3) + 27 + -1. Suppose i = 3*p - 26. List the prime factors of p/(-4) - 17*-3.
47
Suppose -337 = -23*b - 38. Suppose 0 = h - 3*h + 64. Let z = b + h. What are the prime factors of z?
3, 5
Suppose u = -3*u - 3*v + 24, -5*u + 3*v + 3 = 0. Suppose s + 3*g + 15 = 4*s, -u*s - 2*g = 0. Let x(j) = 11*j**2 - 5*j + 5. What are the prime factors of x(s)?
3, 13
Let n = 62 + 196. List the prime factors of n.
2, 3, 43
Let s = 3 + 17. Let b = 79 - s. What are the prime factors of b?
59
Let b(v) = v + 4. Let u be b(0). Suppose -u*l = -3*l + 80. What are the prime factors of ((-21)/(-14))/((-6)/l)?
2, 5
List the prime factors of 41800/(-50)*(-2)/8.
11, 19
Let j(n) = 3*n + 2. Let d be j(-4). Let r = -8 - d. Suppose r*t + 2*x = 20, -1 + 30 = 3*t + 4*x. What are the prime factors of t?
11
Let v = -6 + 71. Suppose -3*z - 2*z + v = 0. Let q = z - 9. List the prime factors of q.
2
Let q(y) = -37*y - 4. Suppose -2*o + 1 = -3*o. What are the prime factors of q(o)?
3, 11
Let x(i) = 73*i - 16. Let c(r) = -147*r + 32. Let o(u) = -2*c(u) - 5*x(u). List the prime factors of o(-3).
229
What are the prime factors of (-1497)/(-5) + 21/((-2205)/42)?
13, 23
Let y(d) = -19*d. Let c(k) = k**2 + 3*k + 2. Let q be c(-3). Let z be y(q). List the prime factors of 4*2/2 - z.
2, 3, 7
Let c(f) = f**2 + 17*f + 6. Let t be c(-12). Let b = t - -62. List the prime factors of b.
2
Suppose 0 = 5*r + 20, -54 = -m + 3*r - 22. Let d = 55 - m. Suppose 7 = -v + d. List the prime factors of v.
2, 7
Let f(w) = -9*w - 8. Let k(q) = -8*q - 8. Let i(c) = -c**2 - 7. Let v be i(0). Let l(o) = v*k(o) + 6*f(o). List the prime factors of l(0).
2
What are the prime factors of 190/114 - (1 - 16502/6)?
3, 7, 131
Let n = 268 + -417. List the prime factors of (n/3)/(10/(-30)).
149
Suppose -3*m - 39 = 4*o + 23, 0 = -4*m - 5*o - 82. Let f = m + 20. List the prime factors of f.
2
Let z = -969 - -1427. List the prime factors of z.
2, 229
Let k(q) be the third derivative of -11*q**4/24 + q**3/3 - 6*q**2. List the prime factors of k(-2).
2, 3
Let n(c) = 5*c**2 + 76*c - 3. List the prime factors of n(-19).
2, 179
Let o be ((-4)/3)/(12/(-126)). Let i = o - 6. Let g(y) = -y + 12. List the prime factors of g(i).
2
Let g(v) = -5*v + 1. Let l be g(-4). Suppose 3*i = -4*i + l. Suppose i*j - 108 = 51. What are the prime factors of j?
53
Let i = -243 + 520. List the prime factors of i.
277
Let p = 12 - 9. Let x(o) = 2*o**p + 5*o + 3*o**3 - 6*o**3 - 4*o**2 + 5 - 1. List the prime factors of x(-5).
2
Let i be (-9)/(-12) - (-26)/8. Suppose -4*j - 24 = -4*a + 192, i*a - 215 = 3*j. List the prime factors of a.
53
Suppose 0 = -5*n - 3*y - 0*y + 37, -n - 2*y + 13 = 0. Let r = 71 - -8. Suppose r = 4*l - n. List the prime factors of l.
3, 7
Suppose 0 = t + 3*t. Let p(b) = -b**2 + b + 124. Let z be p(t). Suppose -5*w + z = -w. What are the prime factors of w?
31
What are the prime factors of 3/(-54) + 1007831/198?
2, 5, 509
Let p be (0 - -2)*65/10. Let r = 47 + p. Suppose -x + 3*x - r = 0. What are the prime factors of x?
2, 3, 5
Let t(u) = 5*u - 3*u - 3*u + 28. Let s be t(0). Suppose -41 = -4*y + p, y + 2*p = 3*y - s. What are the prime factors of y?
3
Let a = -99 + 103. Suppose -5*u = -r + 286, -4*r + u + 1029 = a*u. List the prime factors of r.
3, 29
Suppose -47*c + 29201 = -22076. What are the prime factors of c?
1091
Suppose 2*u + t - 455 = 0, 4*u - 705 = u + 3*t. Let v = -153 + u. What are the prime factors of v?
7, 11
Let i = -41 + 1. Let d = -8 - i. List the prime factors of d.
2
Suppose -5*c - v = -0*v + 1786, -c - 360 = 3*v. Let o = c - -507. What are the prime factors of o?
2, 3, 5
List the prime factors of (2*1/4)/(26/26832).
2, 3, 43
Let n = 460 + -306. List the prime factors of n.
2, 7, 11
Suppose 0 = 3*k - 3, 2 = l - k - 0. Suppose -l*x + 5*g + 39 = 0, 5*x + 4*g - 49 - 16 = 0. What are the prime factors of x?
13
Suppose 0 = 7*r + 4*r - 22. Suppose 2*q = r*i + 287 + 35, 3*q + i - 503 = 0. List the prime factors of q.
2, 83
Let g be (40 + (-6)/(-3))*-1. Let a = g + 99. What are the prime factors of a?
3, 19
Suppose